. List the prime factors of t(-21).
2, 5, 7
Suppose 1375 + 418 = 11*y. List the prime factors of y.
163
Let y = 9 + -6. Let c be y*4/(-6)*-2. Suppose 11 - 43 = -c*t. List the prime factors of t.
2
Suppose -38*f - 4454 = -22048. What are the prime factors of f?
463
Let t = -1619 - -2456. What are the prime factors of t?
3, 31
Let a(s) be the first derivative of s**3/3 - 3*s**2/2 + s - 2. Let w be ((-5)/3)/(70/(-336)). What are the prime factors of a(w)?
41
List the prime factors of (166 + 0 + -1)*(-1 - -4).
3, 5, 11
Let q(w) = 6*w**2 + 6*w + 36. What are the prime factors of q(-15)?
2, 3
Let c(p) = p**3 + 10*p**2 - 2*p - 15. Let r be c(-10). Suppose -105 = -r*m + v, -4*m - 2*v + 84 = -6*v. What are the prime factors of m?
3, 7
Suppose 2*r = -4*y + 2*y, 5*y - 4*r + 27 = 0. Suppose 94 = 4*h - 2*j, -j - 41 = -2*h + 2*j. Let p = h - y. What are the prime factors of p?
2, 7
Suppose -34 = -3*q + 260. Let b = q - 36. List the prime factors of b.
2, 31
Let n(w) = -3 + 1 + 0 + 81*w**2 + 0 + 3*w. What are the prime factors of n(1)?
2, 41
Let d(p) = -p**3 - 4*p**2 + 4*p + 1. Let j be d(-5). What are the prime factors of -273*(0 - 2/j)?
7, 13
Let x(n) be the second derivative of -2/3*n**3 + 1/3*n**4 - 2*n**2 - 5*n + 0. What are the prime factors of x(4)?
2, 11
Let h(q) = -q + 15. Let x(s) = -4*s - 19. Let y be x(-9). Let w be h(y). List the prime factors of (3 - -81) + w - -1.
83
Suppose -3*f = -0*f - 12. Let g(w) = w**3 - 3*w + 1. What are the prime factors of g(f)?
53
Suppose -x + 129 = -276. Suppose 1051 + x = 8*d. What are the prime factors of d?
2, 7, 13
Let n(r) = r**2 - r + 10. Suppose 2*u + 8 = 0, 3*z + z = u + 28. List the prime factors of n(z).
2, 5
Let v(t) = -2*t + 28. Let l(c) = -c**2 - 12*c - 25. Let d be l(-7). What are the prime factors of v(d)?
2
Let t = -103 + 147. What are the prime factors of (t/(-16) + 1)*-92?
7, 23
Let r = -4 - -14. List the prime factors of 190*(r/(-25))/(-1).
2, 19
Let f be (-10)/1*(-3)/6. Suppose 0 = 4*z + d + 222, f*z - 5*d = -318 + 53. Let h = -25 - z. What are the prime factors of h?
2, 3, 5
What are the prime factors of 8/(24/1659) + 2*1?
3, 5, 37
Let b be (2 - 49)/(6/9 + -1). Suppose -2*z - b = -459. What are the prime factors of z?
3, 53
Let r(c) = 10*c + 51. Let d(h) = -5*h - 25. Let w(s) = -9*d(s) - 4*r(s). What are the prime factors of w(11)?
2, 19
Let n(z) = 2*z**3 + 2*z**2 - z. Let k be n(1). Let q be 9*(-2)/(-3) - k. Suppose -d = 3*h + 11 - 46, -q*h + 81 = 3*d. List the prime factors of d.
23
Let w(y) = 4*y - 8. Let b be w(4). Suppose -3*x = -2*s - 4, -s + 5*s + 8 = 0. Suppose -3*u + b*u - 140 = x. What are the prime factors of u?
2, 7
Let p(w) = w**3 - 2*w**2 - 2*w. Let b be p(0). Let j(v) = -v**2 - 12*v - 7. Let q be j(-7). Let s = b + q. What are the prime factors of s?
2, 7
Suppose 38 = 3*h - 4*l - 164, 3*h - l - 199 = 0. Let s = -19 + h. List the prime factors of s.
47
Let l(t) = -t**2 - 15*t + 15. Suppose 3*h + 4*a = -37, 5*a - 6*a - 11 = h. What are the prime factors of l(h)?
71
List the prime factors of 2*-33*14*3/(-9).
2, 7, 11
Let u = 2 + 6. Suppose u*q = 11*q - 9. What are the prime factors of q?
3
Suppose -i - 2*i = -3*q - 222, 0 = -5*i - q + 346. Let b = 117 - i. List the prime factors of b.
47
Suppose 4662 = 3*o + 1455. List the prime factors of o.
1069
Let t be 9/(-9) - 6/(-2). Let p(n) = -2*n - n - 3*n - 6 - 7*n - n**t. What are the prime factors of p(-6)?
2, 3
List the prime factors of (0 + (-558)/4)*184/(-69).
2, 3, 31
Suppose 1766 = 17*w - 665. What are the prime factors of w?
11, 13
Let b be -160*1/(-1) + 2. Suppose 4*l - b = -3*j, 3*j = l - 2*j - 52. What are the prime factors of l?
2, 3, 7
Let a(b) = 3*b**2 - 17*b - 133. List the prime factors of a(-19).
19, 67
Suppose 2*u + 2*u = -12. Let k = 5 + u. Suppose -4*r = -k*c - 70, 3*r - c - 30 = 24. List the prime factors of r.
19
Suppose -27*z + 25*z + 924 = 0. List the prime factors of z.
2, 3, 7, 11
Suppose 58 = 3*v - 4*h, 3*h = v - 13 - 3. Let n = 91 - v. What are the prime factors of n?
3, 23
Let p = -24 + 14. Let t = p + 6. List the prime factors of 37 + t - 0 - 0.
3, 11
Suppose -3*m + 7*z + 1417 = 9*z, 4*m - 5*z - 1874 = 0. What are the prime factors of m?
3, 157
Suppose -2*h - p - 13 = 0, -6*h - 17 = -3*h + p. Suppose -3*n - 38 = -k, 5*n = -4*k + 1 - 53. Let l = h - n. What are the prime factors of l?
2
Let s(k) = 10*k**2 - k + 51. List the prime factors of s(-8).
3, 233
Suppose -4*b + n + 2155 = 0, -2*b - 2*n + 6*n = -1074. Let p = b + -337. What are the prime factors of p?
2, 101
Suppose -3*q + o + 37 = 0, 3*q = -6*o + o + 67. Let p be (4/14)/((-5)/(-35)). Let y = q + p. List the prime factors of y.
2
Suppose -4*w = -95 - 685. Suppose -6*a - w = -9*a. What are the prime factors of a?
5, 13
List the prime factors of -1 + 0 - 3048/(-4).
761
Let d = 4510 + -3156. List the prime factors of d.
2, 677
Let k be (3 - 1) + (-6)/1. Let s(h) be the second derivative of -h**5/20 - h**4/12 - 4*h**2 - 14*h. What are the prime factors of s(k)?
2, 5
Suppose -m + 3 + 1 = 0. Let r be (-4 + m)*(-1 + 2). Let c = 3 + r. List the prime factors of c.
3
Suppose 0 = -2*l - 3*m - 36, 3*l + 4*m = -65 + 9. Let d = 94 + l. List the prime factors of d.
2, 5, 7
Let d(b) = -b**3 - 11*b**2 - 13*b - 18. Let q be d(-10). Suppose 0 = -4*r + q, -702 = -3*y - 7*r + 3*r. What are the prime factors of y?
2, 5, 23
Suppose 0 = 2*k - 3*j - 6, -2*j + 26 = -2*k + 4*k. Suppose -k*s = -7*s. Suppose -g = 2*g - 3, s = -3*n + 2*g + 25. List the prime factors of n.
3
Let o(r) = -2*r**3 + 21*r**2 - 8*r - 17. Let b be o(10). List the prime factors of -6*(156/(-8) - b).
3, 5
Let k(z) be the second derivative of -z**5/20 - 5*z**4/6 + 4*z**2 - 5*z. Let x be k(-10). What are the prime factors of x/(-28) - (-46)/14?
3
Let o be (9/(-5))/((-54)/90). Let l = 34 + 114. Suppose -o*a + l = a. What are the prime factors of a?
37
Let p = -117 - -209. Let y = p + -37. List the prime factors of y.
5, 11
Suppose -17*u + 4801 = -33466. List the prime factors of u.
2251
Suppose -59*u + 16480 = -49*u. List the prime factors of u.
2, 103
Let b(w) = -w + 19. Let h be b(11). Suppose 5*p - h = 22. What are the prime factors of p?
2, 3
Let a = 3463 + -1020. List the prime factors of a.
7, 349
Let s(v) be the first derivative of -v**5/60 - v**4/4 + v**3 - v**2/2 - 5. Let m(y) be the second derivative of s(y). List the prime factors of m(-5).
11
Let h(q) = 2*q - 48. Let x be h(0). Let l = x - -65. What are the prime factors of l?
17
Let m(q) = q**3 + 10*q**2 + 15. Let c be m(-7). Suppose -o - 38 + c = 0. Suppose j - o = -2*u, 4*j = -2*u - 76 + 212. List the prime factors of u.
2, 3, 5
Let o be 4 + 6*6/9. Suppose 0 = -0*f - o*f + 904. What are the prime factors of f?
113
List the prime factors of (1/(-3))/((-7)/1407).
67
Let v(z) = -z**2 - 26*z + 12. Let p(j) = j**2 + 25*j - 13. Let h(w) = -4*p(w) - 3*v(w). What are the prime factors of h(-19)?
73
Let l be (-6*(-1)/6)/(4/(-36)). Suppose -5*g = -70 - 5. Let h = g + l. List the prime factors of h.
2, 3
Suppose 4*m = -23*l + 26*l - 5936, 5960 = 3*l + 2*m. What are the prime factors of l?
2, 31
Let n(z) = z**2 + 3*z + 2*z**2 - 4 + z. What are the prime factors of n(4)?
2, 3, 5
List the prime factors of (2226/14)/(-3 - -4).
3, 53
Suppose 3 = g + 4*m - 9*m, 5*g + 5*m - 45 = 0. Let a(j) = -j**2 + 15*j + 10. Let d be a(g). Suppose 0*p = -2*p + d. What are the prime factors of p?
3, 11
Let g(f) = f**3 + 8*f**2 + 5*f - 8. Suppose -4*i - 1 = -4*b - 25, -b - 4*i - 11 = 0. List the prime factors of g(b).
2, 3
Let s = 334 + -157. List the prime factors of s.
3, 59
Let z(k) = -k**2 - 2*k + 4. Let t be (-3)/6 - 11/2. Let x be z(t). List the prime factors of (-1 + -1)/4*x.
2, 5
Suppose 22*t - 17*t = 140. Suppose b - t = 67. List the prime factors of b.
5, 19
Let f be 180/8*12/10. Let p = f + -20. What are the prime factors of p?
7
Let y = 414 - -87. What are the prime factors of y?
3, 167
Suppose 4*m = -5*q + 66 + 677, 302 = 2*q + 4*m. What are the prime factors of q?
3, 7
Let d be 3/((-9)/(-21)) - -1. Suppose -2*g + d = -0*l + l, -3*l + 9 = 3*g. Suppose -a + g*a - 88 = 0. What are the prime factors of a?
2, 11
Let l(g) be the first derivative of g**3/3 - 7*g**2 + 2*g - 4. What are the prime factors of l(18)?
2, 37
Let w = -13 - -17. Suppose 3*h = w*h - 5*l + 15, -2*